t is the units digit of 2085?
5
What is the hundreds digit of 720?
7
What is the thousands digit of 1721?
1
What is the thousands digit of 10044?
0
What is the tens digit of 70031?
3
What is the units digit of 13822?
2
What is the units digit of 34146?
6
What is the units digit of 682?
2
What is the tens digit of 41571?
7
What is the units digit of 9383?
3
What is the units digit of 1777?
7
What is the units digit of 504?
4
What is the tens digit of 523?
2
What is the thousands digit of 1921?
1
What is the hundreds digit of 1888?
8
What is the hundreds digit of 675?
6
What is the units digit of 877?
7
What is the hundreds digit of 29536?
5
What is the hundreds digit of 4963?
9
What is the tens digit of 173150?
5
What is the thousands digit of 2266?
2
What is the thousands digit of 7103?
7
What is the tens digit of 4251?
5
What is the thousands digit of 3586?
3
What is the tens digit of 2659?
5
What is the tens digit of 4904?
0
What is the hundreds digit of 4122?
1
What is the thousands digit of 1144?
1
What is the thousands digit of 4641?
4
What is the thousands digit of 1266?
1
What is the tens digit of 930?
3
What is the hundreds digit of 15222?
2
What is the units digit of 51?
1
What is the hundreds digit of 882?
8
What is the tens digit of 45108?
0
What is the hundreds digit of 3147?
1
What is the hundreds digit of 1953?
9
What is the ten thousands digit of 18936?
1
What is the tens digit of 4558?
5
What is the tens digit of 12744?
4
What is the hundreds digit of 4661?
6
What is the thousands digit of 11901?
1
What is the hundreds digit of 4026?
0
What is the thousands digit of 5605?
5
What is the ten thousands digit of 39030?
3
What is the hundreds digit of 398?
3
What is the thousands digit of 2705?
2
What is the units digit of 547?
7
What is the ten thousands digit of 28716?
2
What is the units digit of 8096?
6
What is the units digit of 869?
9
What is the hundreds digit of 3774?
7
What is the tens digit of 10084?
8
What is the hundreds digit of 3001?
0
What is the tens digit of 22526?
2
What is the thousands digit of 36089?
6
What is the units digit of 79396?
6
What is the units digit of 2443?
3
What is the units digit of 3654?
4
What is the ten thousands digit of 129021?
2
What is the units digit of 2898?
8
What is the units digit of 772?
2
What is the thousands digit of 37250?
7
What is the tens digit of 2401?
0
What is the hundreds digit of 275?
2
What is the hundreds digit of 1167?
1
What is the units digit of 4032?
2
What is the ten thousands digit of 30254?
3
What is the hundreds digit of 2964?
9
What is the tens digit of 44548?
4
What is the tens digit of 15327?
2
What is the hundreds digit of 17495?
4
What is the hundreds digit of 14446?
4
What is the hundreds digit of 4350?
3
What is the thousands digit of 2526?
2
What is the units digit of 4270?
0
What is the thousands digit of 2098?
2
What is the units digit of 876?
6
What is the tens digit of 5439?
3
What is the tens digit of 17812?
1
What is the hundreds digit of 247?
2
What is the units digit of 113932?
2
What is the tens digit of 12474?
7
What is the units digit of 3116?
6
What is the hundreds digit of 53665?
6
What is the units digit of 64638?
8
What is the units digit of 940?
0
What is the units digit of 15?
5
What is the units digit of 183?
3
What is the thousands digit of 34596?
4
What is the hundreds digit of 766?
7
What is the hundreds digit of 64947?
9
What is the tens digit of 733?
3
What is the tens digit of 2579?
7
What is the units digit of 1499?
9
What is the thousands digit of 2724?
2
What is the thousands digit of 9285?
9
What is the units digit of 98877?
7
What is the units digit of 2001?
1
What is the hundreds digit of 7197?
1
What is the thousands digit of 60591?
0
What is the tens digit of 8871?
7
What is the tens digit of 1076?
7
What is the tens digit of 2127?
2
What is the tens digit of 11303?
0
What is the tens digit of 2476?
7
What is the tens digit of 46?
4
What is the thousands digit of 1792?
1
What is the ten thousands digit of 131470?
3
What is the units digit of 36095?
5
What is the tens digit of 8006?
0
What is the hundreds digit of 70141?
1
What is the thousands digit of 3615?
3
What is the thousands digit of 4782?
4
What is the tens digit of 9711?
1
What is the hundreds digit of 713?
7
What is the hundreds digit of 5850?
8
What is the thousands digit of 43430?
3
What is the hundreds digit of 15575?
5
What is the hundreds digit of 2401?
4
What is the thousands digit of 1724?
1
What is the units digit of 22164?
4
What is the tens digit of 1384?
8
What is the hundreds digit of 1170?
1
What is the tens digit of 313?
1
What is the units digit of 17917?
7
What is the thousands digit of 4907?
4
What is the hundreds digit of 129?
1
What is the tens digit of 65571?
7
What is the tens digit of 5615?
1
What is the units digit of 4634?
4
What is the hundreds digit of 4587?
5
What is the hundreds digit of 40680?
6
What is the units digit of 10588?
8
What is the units digit of 438?
8
What is the hundreds digit of 2549?
5
What is the hundreds digit of 1260?
2
What is the units digit of 2468?
8
What is the tens digit of 135467?
6
What is the units digit of 64278?
8
What is the hundreds digit of 13037?
0
What is the hundreds digit of 602?
6
What is the tens digit of 683?
8
What is the units digit of 65254?
4
What is the ten thousands digit of 20316?
2
What is the hundreds digit of 1444?
4
What is the hundreds digit of 1970?
9
What is the thousands digit of 44624?
4
What is the units digit of 5911?
1
What is the units digit of 553?
3
What is the tens digit of 3295?
9
What is the thousands digit of 54127?
4
What is the thousands digit of 6069?
6
What is the tens digit of 196?
9
What is the tens digit of 6637?
3
What is the hundreds digit of 9318?
3
What is the units digit of 7575?
5
What is the units digit of 2040?
0
What is the thousands digit of 3851?
3
What is the units digit of 64?
4
What is the tens digit of 1380?
8
What is the units digit of 204?
4
What is the thousands digit of 5578?
5
What is the hundreds digit of 86953?
9
What is the thousands digit of 7881?
7
What is the tens digit of 1228?
2
What is the units digit of 1050?
0
What is the hundreds digit of 70307?
3
What is the tens digit of 506?
0
What is the tens digit of 4541?
4
What is the tens digit of 819?
1
What is the units digit of 5684?
4
What is the tens digit of 534?
3
What is the units digit of 47482?
2
What is the units digit of 37259?
9
What is the tens digit of 243?
4
What is the thousands digit of 2475?
2
What is the thousands digit of 22139?
2
What is the units digit of 4238?
8
What is the tens digit of 9675?
7
What is the ten thousands digit of 201241?
0
What is the hundreds digit of 20473?
4
What is the units digit of 1614?
4
What is the hundreds digit of 1186?
1
What is the tens digit of 548?
4
What is the tens digit of 93178?
7
What is the units digit of 749?
9
What is the hundreds digit of 1830?
8
What is the tens digit of 602?
0
What is the thousands digit of 16539?
6
What is the thousands digit of 8177?
8
What is the units digit of 6709?
9
What is the tens digit of 15237?
3
What is the thousands digit of 8583?
8
What is the hundreds digit of 1447?
4
What is the tens digit of 10165?
6
What is the tens digit of 52495?
9
What is the tens digit of 2524?
2
What is the hundreds digit of 491?
4
What is the units digit of 2561?
1
What is the thousands digit of 19208?
9
What is the units digit of 364?
4
What is the hundreds digit of 1228?
2
What is the tens digit of 3523?
2
What is the units digit of 29239?
9
What is the units digit of 877?
7
What is the ten thousands digit of 46381?
4
What is the hundreds digit of 95495?
4
What is the thousands digit of 3419?
3
What is the thousands digit of 39693?
9
What is the hundreds digit of 331?
3
What is the tens digit of 881?
8
What is the hundreds digit of 271?
2
What is the tens digit of 4123?
2
What is the tens digit of 948?
4
What is the hundreds digit of 4326?
3
What is the units digit of 1095?
5
What is the hundreds digit of 828?
8
What is the hundreds digit of 4998?
9
What is the tens digit of 22?
2
What is the thousands digit of 11871?
1
What is the hundreds digit of 706?
7
What is the tens digit of 665?
6
What is the hundreds di